ivisor of 87581 and 4459.
13
Calculate the greatest common divisor of 228696258 and 70.
14
What is the greatest common divisor of 13323136 and 256?
128
What is the greatest common divisor of 3661 and 38241?
7
What is the greatest common factor of 658971464 and 1984?
248
Calculate the highest common factor of 646 and 890682.
38
What is the highest common factor of 3150017262 and 3402?
3402
What is the greatest common factor of 235704210 and 9555?
735
What is the highest common factor of 16904 and 843646945?
2113
What is the highest common divisor of 4429502 and 4696?
1174
Calculate the highest common factor of 637 and 40804309.
637
What is the greatest common factor of 2249110164 and 168?
84
What is the greatest common divisor of 5125992 and 35072?
1096
Calculate the greatest common factor of 486875415 and 3145.
185
Calculate the greatest common factor of 50160 and 3717648.
528
Calculate the highest common factor of 494875 and 6313.
107
What is the highest common divisor of 190 and 1018343?
19
Calculate the highest common divisor of 40231412 and 52.
52
Calculate the greatest common factor of 3351842 and 12467.
1781
Calculate the highest common factor of 240 and 15073980.
60
What is the greatest common factor of 329621456 and 592?
592
Calculate the highest common divisor of 15 and 1209868295.
5
What is the greatest common divisor of 77776604 and 4?
4
What is the greatest common factor of 90805 and 694616?
13
What is the highest common divisor of 13041 and 8587809?
621
Calculate the highest common divisor of 1000 and 1142520.
40
What is the highest common factor of 40145665 and 105?
35
Calculate the highest common factor of 31122 and 8064.
126
What is the greatest common divisor of 4742914 and 2750?
22
Calculate the greatest common divisor of 870 and 1082918.
58
What is the highest common factor of 56785386 and 21?
21
What is the greatest common divisor of 98 and 12743381?
49
What is the greatest common divisor of 5222 and 728322784?
5222
What is the highest common divisor of 2128 and 25256?
56
Calculate the highest common divisor of 674 and 12036966.
674
What is the highest common divisor of 3854140 and 780?
20
What is the greatest common factor of 8109 and 42338891?
901
Calculate the greatest common factor of 9748904 and 2224.
1112
What is the greatest common factor of 1300687850 and 18700?
9350
Calculate the greatest common divisor of 361809955 and 13.
13
Calculate the greatest common divisor of 7466187 and 2328.
291
Calculate the highest common divisor of 770064 and 29824.
16
Calculate the greatest common divisor of 12732 and 18660.
12
Calculate the greatest common factor of 6932980 and 2620.
20
Calculate the highest common factor of 15840 and 259383520.
1760
What is the greatest common divisor of 87035 and 62315?
515
Calculate the greatest common divisor of 513111 and 14178.
51
What is the greatest common divisor of 7544687 and 124?
31
What is the greatest common factor of 20766348 and 745524?
6372
What is the greatest common divisor of 402721 and 99?
11
Calculate the highest common divisor of 20786 and 14782.
38
Calculate the greatest common factor of 7781805 and 75.
15
What is the greatest common divisor of 4334 and 7091212?
394
Calculate the highest common factor of 401216 and 7904.
32
What is the greatest common factor of 260058 and 1902222?
2922
What is the greatest common factor of 94 and 278130208?
94
Calculate the greatest common divisor of 353651 and 516596.
1207
Calculate the highest common divisor of 13275 and 12621870.
2655
Calculate the highest common factor of 4266 and 390388770.
1422
What is the highest common factor of 61 and 31590253?
61
Calculate the greatest common factor of 480996 and 102.
6
Calculate the highest common divisor of 1777228937 and 11.
11
What is the highest common factor of 144 and 9299088?
144
What is the greatest common divisor of 33632255 and 25355?
2305
What is the highest common factor of 193542708 and 111?
111
What is the greatest common factor of 119202 and 1884?
6
Calculate the highest common factor of 228433265 and 620.
155
Calculate the greatest common divisor of 5654152 and 1240.
248
Calculate the highest common divisor of 1430187 and 317059.
2281
Calculate the highest common divisor of 943 and 54962456.
23
Calculate the highest common factor of 1099 and 60848333.
1099
What is the highest common divisor of 215 and 109007881?
43
What is the greatest common factor of 124 and 457404876?
124
Calculate the highest common divisor of 46578778 and 2634.
878
What is the highest common factor of 138171 and 2773119?
159
What is the highest common factor of 42547790 and 10?
10
What is the highest common divisor of 1595405 and 316?
79
Calculate the highest common factor of 1235796401 and 406.
203
What is the highest common factor of 945 and 18098640?
945
What is the greatest common factor of 2808 and 398424?
312
What is the highest common factor of 21204 and 1898781093?
5301
Calculate the highest common factor of 1014992 and 237079.
79
What is the highest common factor of 56815326 and 166?
166
Calculate the highest common factor of 9856 and 3127936.
896
Calculate the greatest common factor of 97659856 and 784.
112
What is the greatest common factor of 3 and 9980276?
1
Calculate the highest common divisor of 7355761 and 1246.
623
What is the greatest common factor of 172869 and 261?
87
What is the greatest common divisor of 25 and 143599675?
25
Calculate the highest common factor of 122 and 4576159.
61
What is the highest common factor of 21 and 99105?
3
What is the highest common divisor of 314811 and 414561?
399
Calculate the highest common divisor of 1225224 and 119106.
234
Calculate the greatest common divisor of 253 and 291207554.
253
What is the greatest common factor of 4653899 and 1335?
89
What is the greatest common divisor of 32160 and 45530?
10
Calculate the highest common divisor of 22358080 and 31392.
3488
Calculate the highest common factor of 5341368 and 48.
24
What is the highest common divisor of 184610 and 270?
10
Calculate the highest common divisor of 14558 and 8.
2
What is the greatest common divisor of 129050 and 82100?
50
Calculate the highest common divisor of 312 and 2474316.
156
Calculate the highest common divisor of 46944 and 93307068.
5868
Calculate the greatest common factor of 8869836 and 24.
12
What is the highest common factor of 2305550 and 19450?
50
What is the greatest common factor of 848 and 1352878?
106
Calculate the highest common factor of 12685 and 237097872.
2537
What is the greatest common factor of 60568248 and 65?
13
Calculate the highest common factor of 12333321 and 8473.
37
Calculate the highest common divisor of 730 and 875124.
146
Calculate the highest common divisor of 25268 and 127799227.
6317
What is the greatest common divisor of 5 and 1297211?
1
What is the highest common divisor of 8554 and 39124163?
611
Calculate the highest common divisor of 61692 and 876408.
636
Calculate the greatest common divisor of 1370 and 307570.
10
What is the highest common divisor of 9121167 and 43419?
1059
Calculate the highest common factor of 825 and 13423650.
75
Calculate the greatest common divisor of 1738533 and 96.
3
Calculate the highest common divisor of 1978 and 87896386.
1978
Calculate the highest common divisor of 3806 and 3119536.
346
What is the greatest common factor of 756042 and 245886?
2298
What is the greatest common divisor of 7896 and 876174?
282
Calculate the highest common factor of 183203 and 1.
1
Calculate the greatest common divisor of 28680 and 428520.
120
Calculate the greatest common factor of 107842196 and 35.
7
Calculate the highest common divisor of 2199527 and 6314.
451
Calculate the greatest common factor of 13250 and 7593416.
106
What is the greatest common factor of 268 and 1214978?
134
Calculate the greatest common factor of 187502306 and 15086.
794
Calculate the greatest common divisor of 2486715 and 56595.
1155
What is the highest common divisor of 1644 and 25821075?
411
Calculate the greatest common divisor of 1048 and 8733508.
524
What is the highest common factor of 399 and 2012598?
21
Calculate the greatest common factor of 288 and 92176896.
96
Calculate the greatest common factor of 1336 and 97934478.
334
What is the highest co